{"id":1130,"date":"2021-03-14T05:27:52","date_gmt":"2021-03-14T04:27:52","guid":{"rendered":"https:\/\/ecolelucamoura2.ddec.nc\/?page_id=1130"},"modified":"2024-06-25T09:05:07","modified_gmt":"2024-06-25T07:05:07","slug":"la-maternelle","status":"publish","type":"page","link":"https:\/\/ecolelucamoura2.ddec.nc\/index.php\/la-maternelle\/","title":{"rendered":"La Maternelle"},"content":{"rendered":"\t\t<div data-elementor-type=\"wp-page\" data-elementor-id=\"1130\" class=\"elementor elementor-1130\" data-elementor-post-type=\"page\">\n\t\t\t\t\t\t<section class=\"elementor-section elementor-top-section elementor-element elementor-element-e7007a5 elementor-section-boxed elementor-section-height-default elementor-section-height-default\" data-id=\"e7007a5\" data-element_type=\"section\" data-e-type=\"section\">\n\t\t\t\t\t\t<div class=\"elementor-container elementor-column-gap-default\">\n\t\t\t\t\t<div class=\"elementor-column elementor-col-100 elementor-top-column elementor-element elementor-element-efc40f6\" data-id=\"efc40f6\" data-element_type=\"column\" data-e-type=\"column\">\n\t\t\t<div class=\"elementor-widget-wrap elementor-element-populated\">\n\t\t\t\t\t\t<div class=\"elementor-element elementor-element-092de6d animated-slow elementor-invisible elementor-widget elementor-widget-heading\" data-id=\"092de6d\" data-element_type=\"widget\" data-e-type=\"widget\" data-settings=\"{&quot;_animation&quot;:&quot;fadeInLeft&quot;}\" data-widget_type=\"heading.default\">\n\t\t\t\t<div class=\"elementor-widget-container\">\n\t\t\t\t\t<h2 class=\"elementor-heading-title elementor-size-default\">L'\u00e9cole \u00e0 la maison<\/h2>\t\t\t\t<\/div>\n\t\t\t\t<\/div>\n\t\t\t\t\t<\/div>\n\t\t<\/div>\n\t\t\t\t\t<\/div>\n\t\t<\/section>\n\t\t\t\t<section class=\"elementor-section elementor-top-section elementor-element elementor-element-9299a4e elementor-section-boxed elementor-section-height-default elementor-section-height-default\" data-id=\"9299a4e\" data-element_type=\"section\" data-e-type=\"section\">\n\t\t\t\t\t\t<div class=\"elementor-container elementor-column-gap-default\">\n\t\t\t\t\t<div class=\"elementor-column elementor-col-100 elementor-top-column elementor-element elementor-element-67c7b13\" data-id=\"67c7b13\" data-element_type=\"column\" data-e-type=\"column\">\n\t\t\t<div class=\"elementor-widget-wrap elementor-element-populated\">\n\t\t\t\t\t\t<div class=\"elementor-element elementor-element-0a7ac00 elementor-widget elementor-widget-text-editor\" data-id=\"0a7ac00\" data-element_type=\"widget\" data-e-type=\"widget\" data-widget_type=\"text-editor.default\">\n\t\t\t\t<div class=\"elementor-widget-container\">\n\t\t\t\t\t\t\t\t\t<h3><strong><b>Ch\u00e8res Familles,<\/b><\/strong><\/h3><p>Faire l\u2019\u00e9cole \u00e0 la maison n\u2019est pas facile, alors \u00e9coutez-vous et \u00e9coutez votre enfant.\u00a0<\/p><p>Les activit\u00e9s propos\u00e9es sont donn\u00e9es \u00e0 titre indicatif, vous pouvez les adapter \u00e0 votre enfant, il peut les faire dans l\u2019ordre qu\u2019il souhaite. Votre enfant aura certainement besoin de vous pour r\u00e9aliser ces activit\u00e9s. Votre r\u00f4le consiste \u00e0 lui expliquer les consignes, \u00e0 le guider dans les activit\u00e9s, \u00e0 lui montrer ce qu\u2019il faut faire, lui donner le mat\u00e9riel n\u00e9cessaire. Surtout, valorisez-le, encouragez-le, f\u00e9licitez-le ! Vous pouvez prendre les productions de votre enfant en photo et les envoyer \u00e0 l\u2019\u00e9cole par le canal de communication habituel.<\/p>\t\t\t\t\t\t\t\t<\/div>\n\t\t\t\t<\/div>\n\t\t\t\t\t<\/div>\n\t\t<\/div>\n\t\t\t\t\t<\/div>\n\t\t<\/section>\n\t\t\t\t<section class=\"elementor-section elementor-top-section elementor-element elementor-element-3574a46 elementor-section-boxed elementor-section-height-default elementor-section-height-default\" data-id=\"3574a46\" data-element_type=\"section\" data-e-type=\"section\">\n\t\t\t\t\t\t<div class=\"elementor-container elementor-column-gap-default\">\n\t\t\t\t\t<div class=\"elementor-column elementor-col-100 elementor-top-column elementor-element elementor-element-f7ce377\" data-id=\"f7ce377\" data-element_type=\"column\" data-e-type=\"column\">\n\t\t\t<div class=\"elementor-widget-wrap elementor-element-populated\">\n\t\t\t\t\t\t<div class=\"elementor-element elementor-element-0d5ada8 elementor-widget elementor-widget-text-editor\" data-id=\"0d5ada8\" data-element_type=\"widget\" data-e-type=\"widget\" data-widget_type=\"text-editor.default\">\n\t\t\t\t<div class=\"elementor-widget-container\">\n\t\t\t\t\t\t\t\t\t<h3><span style=\"text-decoration: underline;\"><strong>Activit\u00e9s langagi\u00e8res<\/strong><\/span><\/h3><p>\u2013 R\u00e9citer les <a href=\"https:\/\/maternelle-bambou.fr\/boite-a-comptines\/\">comptines<\/a> et chanter les chansons apprises en classe,<\/p><p>\u2013 Ecouter la radio des petits : <a href=\"https:\/\/www.pommedapi.com\/radio-et-podcasts\/radio-pomme-dapi-nouvelle-webradio-petits\" target=\"_blank\" rel=\"noopener noreferrer\">Pomme d\u2019Api<\/a>\u00a0(avec des comptines, chansons, histoires\u2026)<\/p><p>\u2013 Lire des histoires ; poser des questions sur les personnages, les lieux, le d\u00e9roulement des \u00e9v\u00e9nements\u2026 apr\u00e8s l\u2019histoire, ou s\u2019arr\u00eater en cours de lecture pour demander \u00e0 votre enfant d\u2019imaginer la suite, ou de raconter lui-m\u00eame \u00e0 partir des images. Vous pouvez aussi \u00e9couter des histoires gr\u00e2ce \u00e0 des podcasts gratuits (<a href=\"https:\/\/www.radioclassique.fr\/podcasts-et-emissions\/histoires-en-musique\/\" target=\"_blank\" rel=\"noopener noreferrer\">les histoires en musique d\u2019Elodie Fondacci<\/a>\u00a0pour les MS\/GS \/\u00a0<a href=\"https:\/\/podcast.ausha.co\/la-grande-histoire-de-pomme-d-api\" target=\"_blank\" rel=\"noopener noreferrer\">Pomme d\u2019Api<\/a>)<\/p><p>\u2013 Travailler le vocabulaire avec des <a href=\"https:\/\/dessinemoiunehistoire.net\/category\/imagiers\/\">imagiers<\/a> ou des objets du quotidien (votre enfant doit nommer ce que vous lui montrez \/ ce que vous lui d\u00e9crivez pour les plus grands).<\/p><p>\u2013 <a href=\"https:\/\/youtu.be\/3LqyKADaQss\" target=\"_blank\" rel=\"noopener noreferrer\">Le jeu de l\u2019objet manquant<\/a><\/p><p>\u2013 S\u2019entra\u00eener \u00e0 \u00e9crire son pr\u00e9nom (avec ou sans mod\u00e8le selon la progression de votre enfant) en capitales d&rsquo;imprimerie, les chiffres et les lettres capitales, copier des mots en veillant \u00e0 la tenue du crayon et au <a href=\"https:\/\/lesjeuxdejeannoel.blogspot.com\/2018\/03\/mes-alphabets-colores-de-la-ps-au-cm2.html?fbclid=IwAR0T1vMHbheslbGKaMcniNe2aUl-9ajPyUXaHV1LNw-5-__MGIvdp7Ph-L4\" target=\"_blank\" rel=\"noopener noreferrer\">sens de trac\u00e9 des lettres<\/a>\u00a0(pour l\u2019\u00e9criture en attach\u00e9, en GS, \u00e9viter les entra\u00eenements si vous n\u2019avez pas re\u00e7u de recommandations de l\u2019enseignant ; sans consignes de travail, mieux vaut diff\u00e9rer cet apprentissage et attendre le retour en classe ;\u00a0<a href=\"https:\/\/youtu.be\/StI0JZpUsFc\" target=\"_blank\" rel=\"noopener noreferrer\">quelques recommandations de base si besoin ici<\/a>)<\/p><p>\u2013 Jeux pour les GS pour <a href=\"http:\/\/maternelle-bambou.fr\/reconnaitre-nommer-utiliser-lettres-alphabet\/\" target=\"_blank\" rel=\"noopener noreferrer\">reconna\u00eetre et nommer les lettres de l\u2019alphabet dans les trois \u00e9critures<\/a><\/p><p>\u2013 Verbaliser les actions de la vie quotidienne (d\u00e9crire ce que vous faites lors de l\u2019habillage, du bain, en pr\u00e9parant un repas\u2026)<\/p><p>\u2013 Demander \u00e0 votre enfant de se rappeler un moment v\u00e9cu plus t\u00f4t dans la journ\u00e9e et de le raconter \u00e0 un proche (au t\u00e9l\u00e9phone)<\/p><p>\u2013\u00a0<a href=\"http:\/\/maternelle-bambou.fr\/bookcreator-ms-gs\/\" target=\"_blank\" rel=\"noopener noreferrer\">Livres-jeux en ligne avec activit\u00e9s langagi\u00e8re<\/a><\/p><h3><strong><span style=\"text-decoration: underline;\">Activit\u00e9s math\u00e9matiques<\/span><\/strong><\/h3><p>\u2013 Jouer avec les nombres : compter le plus loin possible (= r\u00e9citer la comptine num\u00e9rique), compter des objets du quotidien (le nombre de fourchettes qu\u2019on pose en mettant le couvert sur la table, le nombre de boutons sur le gilet\/pullover\/pyjama, le nombre de graines ramass\u00e9es pendant une promenade\u2026)<\/p><p>Voici une vid\u00e9o qui vous donnera de nombreuses id\u00e9es suppl\u00e9mentaires :<\/p>\t\t\t\t\t\t\t\t<\/div>\n\t\t\t\t<\/div>\n\t\t\t\t<div class=\"elementor-element elementor-element-b6dfd5f elementor-widget elementor-widget-video\" data-id=\"b6dfd5f\" data-element_type=\"widget\" data-e-type=\"widget\" data-settings=\"{&quot;youtube_url&quot;:&quot;https:\\\/\\\/youtu.be\\\/ZG-0jJFuXKk&quot;,&quot;video_type&quot;:&quot;youtube&quot;,&quot;controls&quot;:&quot;yes&quot;}\" data-widget_type=\"video.default\">\n\t\t\t\t<div class=\"elementor-widget-container\">\n\t\t\t\t\t\t\t<div class=\"elementor-wrapper elementor-open-inline\">\n\t\t\t<div class=\"elementor-video\"><\/div>\t\t<\/div>\n\t\t\t\t\t\t<\/div>\n\t\t\t\t<\/div>\n\t\t\t\t<div class=\"elementor-element elementor-element-d0cbbc6 elementor-widget elementor-widget-text-editor\" data-id=\"d0cbbc6\" data-element_type=\"widget\" data-e-type=\"widget\" data-widget_type=\"text-editor.default\">\n\t\t\t\t<div class=\"elementor-widget-container\">\n\t\t\t\t\t\t\t\t\t<p>\u2013 Autres situations et petits jeux en vid\u00e9o (GS) :\u00a0<a href=\"https:\/\/youtu.be\/C87emu_ZbdI\" target=\"_blank\" rel=\"noopener noreferrer\">la bo\u00eete \u00e0 10<\/a>\u00a0|\u00a0<a href=\"https:\/\/youtu.be\/Td8naH4Rhhk\" target=\"_blank\" rel=\"noopener noreferrer\">le jeu du saladier<\/a>\u00a0|\u00a0<a href=\"http:\/\/maternelle-bambou.fr\/jeu-des-maillots-gs\/\" target=\"_blank\" rel=\"noopener noreferrer\">le jeu des maillots<\/a> |\u00a0<a href=\"https:\/\/maternelle-bambou.fr\/wp-content\/uploads\/2018\/08\/jeu-autobus-a-remplir.pdf\" target=\"_blank\" rel=\"noopener noreferrer\">le jeu du bus<\/a><\/p><p>\u2013 Jeux de soci\u00e9t\u00e9 : jeu des petits chevaux | dominos | jeu de l\u2019oie | jeux de cartes comme le uno ou le <a href=\"http:\/\/maternelle-bambou.fr\/comparer-des-longueurs-bata-waf-batanimo\/\" target=\"_blank\" rel=\"noopener noreferrer\">batawaf<\/a>\u2026<\/p><p>\u2013 Faire des puzzles (rep\u00e9rage dans l\u2019espace)<\/p><p>\u2013 Nommer les formes g\u00e9om\u00e9triques simples (faire une chasse aux objets en forme de triangle, aux objets carr\u00e9s\u2026)<\/p><p>\u2013 Jeux de construction (cubes, duplos, legos, kaplas, clipos\u2026) en proposant des d\u00e9fis (\u00ab fais-moi une tour avec 4 cubes \u00bb, \u00ab construis la tour la plus haute possible \u00bb\u2026)<\/p><h3><span style=\"text-decoration: underline;\"><strong>Activit\u00e9s motrices<\/strong><\/span><\/h3><p>\u2013 V\u00e9lo, trottinette, roller, jeux de ballons\u2026 si vous avez la chance d\u2019avoir un ext\u00e9rieur<\/p><p>\u2013 Quelques vid\u00e9os pour de la motricit\u00e9 en int\u00e9rieur pour les plus grands (\u00e0 faire en famille, les parents doivent participer aussi ^^) :<br \/>Gym Direct :\u00a0<a href=\"https:\/\/youtu.be\/Yt0wuk_bOXI\" target=\"_blank\" rel=\"noopener noreferrer\">(1)<\/a>\u00a0\u2013\u00a0<a href=\"https:\/\/bit.ly\/2z8REl5\" target=\"_blank\" rel=\"noopener noreferrer\">(2)<\/a>\u00a0\u2013\u00a0<a href=\"https:\/\/youtu.be\/C8EJJXoeTx0\" target=\"_blank\" rel=\"noopener noreferrer\">(3)<\/a>\u00a0\u2013\u00a0<a href=\"https:\/\/youtu.be\/KTjaZeyczwI\" target=\"_blank\" rel=\"noopener noreferrer\">(4)<\/a>\u00a0|\u00a0<a href=\"https:\/\/youtu.be\/tIHSkm_LC8s\" target=\"_blank\" rel=\"noopener noreferrer\">Zumbatomic<\/a>\u00a0|\u00a0<a href=\"https:\/\/youtu.be\/PsPucGotvw4\" target=\"_blank\" rel=\"noopener noreferrer\">MoveYourFit<\/a>\u00a0|\u00a0<a href=\"https:\/\/youtu.be\/uYY-iamPfbQ\" target=\"_blank\" rel=\"noopener noreferrer\">Parcours \u00ab\u00a0Jeunes Athl\u00e9\u00a0\u00bb<\/a><\/p><p>\u2013 Pour d\u00e9velopper la motricit\u00e9 fine : jeux de transvasements de liquides (ou semoule, farine, sable\u2026), p\u00e2te \u00e0 modeler (ou p\u00e2te \u00e0 sel), d\u00e9placer des petits objets avec des pinces (pince \u00e0 cornichon, pince \u00e0 \u00e9piler\u2026), <a href=\"http:\/\/lacatalanealamaternelle.blogspot.com\/2016\/07\/atelier-decoupage.html\" target=\"_blank\" rel=\"noopener noreferrer\">d\u00e9couper en suivant des lignes<\/a>, (<a href=\"https:\/\/youtu.be\/sMEa7tuw1m4\" target=\"_blank\" rel=\"noopener noreferrer\">vid\u00e9o pour aider les enfants qui ont du mal \u00e0 tenir correctement les ciseaux<\/a>), r\u00e9aliser des colliers en enfilant des perles ou des p\u00e2tes<\/p><h3><span style=\"text-decoration: underline;\"><strong>Activit\u00e9s de la vie quotidienne<\/strong><\/span><\/h3><p>\u2013 Faire participer votre enfant dans la r\u00e9alisation d\u2019une <a href=\"http:\/\/bricalou.unblog.fr\/\" target=\"_blank\" rel=\"noopener noreferrer\">recette de cuisine<\/a>\u00a0(en nommant le mat\u00e9riel et les ingr\u00e9dients n\u00e9cessaires, en verbalisant les \u00e9tapes de pr\u00e9paration)<\/p><p>\u2013 Proposer des tris : reconstituer les paires de chaussettes propres, trier les couverts\u00a0<\/p><p>\u2013 Demander \u00e0 votre enfant de dessiner un soleil, un bonhomme, une maison, une voiture\u2026 de tracer des quadrillages, des lignes bris\u00e9es, des boucles, des ponts, des spirales\u2026 vous pouvez aussi proposer des <a href=\"http:\/\/lutinsdematernelle.over-blog.com\/2017\/09\/dessins-pas-a-pas.html\" target=\"_blank\" rel=\"noopener noreferrer\">\u00ab\u00a0dessins pas-\u00e0-pas\u00a0\u00bb<\/a>\u00a0\u00e0 reproduire par \u00e9tapes<\/p><p>\u2013 Proposer des <a href=\"https:\/\/www.hugolescargot.com\/coloriages\/\" target=\"_blank\" rel=\"noopener noreferrer\">coloriages<\/a>, des mandalas<\/p><p>\u2013 Jeux de soci\u00e9t\u00e9 non math\u00e9matiques : jeu faisant appel \u00e0 la m\u00e9moire (m\u00e9mory, <a href=\"http:\/\/maternelle-bambou.fr\/jeu-sardines-memorisation-visuelle\/\" target=\"_blank\" rel=\"noopener noreferrer\">les sardines<\/a>\u2026), mistigri,\u00a0<a href=\"http:\/\/laclassedelaurene.blogspot.com\/2014\/02\/lotos-vocabulaire.html\" target=\"_blank\" rel=\"noopener noreferrer\">jeu de loto<\/a>,\u00a0<a href=\"http:\/\/maternelle-bambou.fr\/jeu-du-loup-nathan\/\" target=\"_blank\" rel=\"noopener noreferrer\">jeu du loup<\/a>, d\u2019autres id\u00e9es de\u00a0<a href=\"https:\/\/bit.ly\/3eS2LPJ\" target=\"_blank\" rel=\"noopener noreferrer\">jeux n\u00e9cessitant peu de mat\u00e9riel \u00e0 d\u00e9couvrir en vid\u00e9o avec Canotech<\/a><\/p><p>\u2013 Demander \u00e0 votre enfant de vous d\u00e9crire la m\u00e9t\u00e9o chaque jour<\/p><p>\u2013 R\u00e9aliser des plantations avec votre enfant, observer l\u2019environnement ext\u00e9rieur et rep\u00e9rer les indicateurs du changement de saison \u00e9t\u00e9\/hiver (nous entrons en saison fra\u00eeche)<\/p><p>\u2013 Pr\u00e9voir des petites <a href=\"http:\/\/maternelle-bambou.fr\/yoga-des-petits\/\" target=\"_blank\" rel=\"noopener noreferrer\">s\u00e9ances de yoga \u00e0 la maison<\/a><\/p><p>\u2013 Limiter le temps d\u2019exposition aux \u00e9crans (t\u00e9l\u00e9vision, tablette, jeux sur les t\u00e9l\u00e9phones) mais voici quelques id\u00e9es \u00ab \u00e9ducatives \u00bb gratuites :\u00a0<a href=\"http:\/\/pepit.be\/niveaux\/maternelles.html\" target=\"_blank\" rel=\"noopener noreferrer\">Pepit<\/a>\u00a0|\u00a0<a href=\"https:\/\/lululataupe.com\/\" target=\"_blank\" rel=\"noopener noreferrer\">Lulu la taupe<\/a>\u00a0(petits exercices qui peuvent se jouer en ligne comme\u00a0<a href=\"https:\/\/bit.ly\/3eUCtMq\" target=\"_blank\" rel=\"noopener noreferrer\">le sudoku de la savane<\/a>\u00a0par exemple),\u00a0<a href=\"https:\/\/dipongo.co\/\" target=\"_blank\" rel=\"noopener noreferrer\">Dipongo<\/a>\u00a0(pour cr\u00e9er des histoires personnalis\u00e9es en faisant appel \u00e0 la cr\u00e9ativit\u00e9 des enfants),\u00a0<a href=\"https:\/\/www.france.tv\/france-5\/yetili\/replay-videos\/\" target=\"_blank\" rel=\"noopener noreferrer\">Y\u00e9tili<\/a>\u00a0(vid\u00e9os France 5 avec un y\u00e9ti qui lit des albums de jeunesse en compagnie de deux souris),\u00a0<a href=\"https:\/\/www.attrape-nombres.com\/an\/nc_play.php?lang=fr\" target=\"_blank\" rel=\"noopener noreferrer\">jeu de l\u2019Attrape-Nombres<\/a><\/p><p>\u00a0<\/p><p><span style=\"text-decoration: underline;\"><em><strong>Contribution: La Maternelle de Bambou<\/strong><\/em><\/span><\/p>\t\t\t\t\t\t\t\t<\/div>\n\t\t\t\t<\/div>\n\t\t\t\t<div class=\"elementor-element elementor-element-568fffa elementor-invisible elementor-widget elementor-widget-heading\" data-id=\"568fffa\" data-element_type=\"widget\" data-e-type=\"widget\" data-settings=\"{&quot;_animation&quot;:&quot;fadeInRight&quot;}\" data-widget_type=\"heading.default\">\n\t\t\t\t<div class=\"elementor-widget-container\">\n\t\t\t\t\t<h2 class=\"elementor-heading-title elementor-size-default\">Mise \u00e0 jour!<\/h2>\t\t\t\t<\/div>\n\t\t\t\t<\/div>\n\t\t\t\t<div class=\"elementor-element elementor-element-8aa2c71 elementor-widget elementor-widget-heading\" data-id=\"8aa2c71\" data-element_type=\"widget\" data-e-type=\"widget\" data-widget_type=\"heading.default\">\n\t\t\t\t<div class=\"elementor-widget-container\">\n\t\t\t\t\t<h2 class=\"elementor-heading-title elementor-size-default\">Pour les SM<\/h2>\t\t\t\t<\/div>\n\t\t\t\t<\/div>\n\t\t\t\t<div class=\"elementor-element elementor-element-0764621 elementor-view-default elementor-widget elementor-widget-icon\" data-id=\"0764621\" data-element_type=\"widget\" data-e-type=\"widget\" data-widget_type=\"icon.default\">\n\t\t\t\t<div class=\"elementor-widget-container\">\n\t\t\t\t\t\t\t<div class=\"elementor-icon-wrapper\">\n\t\t\t<a class=\"elementor-icon\" href=\"https:\/\/drive.google.com\/drive\/folders\/1NS268qK4H3y9DXgqkBpg8tq0a6onTZPm?usp=drive_link\">\n\t\t\t<i aria-hidden=\"true\" class=\"far fa-file-pdf\"><\/i>\t\t\t<\/a>\n\t\t<\/div>\n\t\t\t\t\t\t<\/div>\n\t\t\t\t<\/div>\n\t\t\t\t<div class=\"elementor-element elementor-element-94795c3 elementor-widget elementor-widget-spacer\" data-id=\"94795c3\" data-element_type=\"widget\" data-e-type=\"widget\" data-widget_type=\"spacer.default\">\n\t\t\t\t<div class=\"elementor-widget-container\">\n\t\t\t\t\t\t\t<div class=\"elementor-spacer\">\n\t\t\t<div class=\"elementor-spacer-inner\"><\/div>\n\t\t<\/div>\n\t\t\t\t\t\t<\/div>\n\t\t\t\t<\/div>\n\t\t\t\t<div class=\"elementor-element elementor-element-6606960 elementor-widget elementor-widget-heading\" data-id=\"6606960\" data-element_type=\"widget\" data-e-type=\"widget\" data-widget_type=\"heading.default\">\n\t\t\t\t<div class=\"elementor-widget-container\">\n\t\t\t\t\t<h2 class=\"elementor-heading-title elementor-size-default\">Pour les SG<\/h2>\t\t\t\t<\/div>\n\t\t\t\t<\/div>\n\t\t\t\t<section class=\"elementor-section elementor-inner-section elementor-element elementor-element-bf65539 elementor-section-boxed elementor-section-height-default elementor-section-height-default\" data-id=\"bf65539\" data-element_type=\"section\" data-e-type=\"section\">\n\t\t\t\t\t\t<div class=\"elementor-container elementor-column-gap-default\">\n\t\t\t\t\t<div class=\"elementor-column elementor-col-50 elementor-inner-column elementor-element elementor-element-a7a8c46\" data-id=\"a7a8c46\" data-element_type=\"column\" data-e-type=\"column\">\n\t\t\t<div class=\"elementor-widget-wrap elementor-element-populated\">\n\t\t\t\t\t\t<div class=\"elementor-element elementor-element-1f34fce elementor-widget elementor-widget-text-editor\" data-id=\"1f34fce\" data-element_type=\"widget\" data-e-type=\"widget\" data-widget_type=\"text-editor.default\">\n\t\t\t\t<div class=\"elementor-widget-container\">\n\t\t\t\t\t\t\t\t\t<p style=\"text-align: center;\"><strong>Lecture avec les Alphas<\/strong><\/p>\t\t\t\t\t\t\t\t<\/div>\n\t\t\t\t<\/div>\n\t\t\t\t<div class=\"elementor-element elementor-element-2de010d elementor-view-default elementor-widget elementor-widget-icon\" data-id=\"2de010d\" data-element_type=\"widget\" data-e-type=\"widget\" data-widget_type=\"icon.default\">\n\t\t\t\t<div class=\"elementor-widget-container\">\n\t\t\t\t\t\t\t<div class=\"elementor-icon-wrapper\">\n\t\t\t<a class=\"elementor-icon\" href=\"https:\/\/drive.google.com\/file\/d\/1RcWgt8tGBn8i3Bj0hn93IZ05CJye8-fk\/view?usp=drive_link\">\n\t\t\t<i aria-hidden=\"true\" class=\"far fa-file-pdf\"><\/i>\t\t\t<\/a>\n\t\t<\/div>\n\t\t\t\t\t\t<\/div>\n\t\t\t\t<\/div>\n\t\t\t\t\t<\/div>\n\t\t<\/div>\n\t\t\t\t<div class=\"elementor-column elementor-col-50 elementor-inner-column elementor-element elementor-element-43bd84a\" data-id=\"43bd84a\" data-element_type=\"column\" data-e-type=\"column\">\n\t\t\t<div class=\"elementor-widget-wrap elementor-element-populated\">\n\t\t\t\t\t\t<div class=\"elementor-element elementor-element-7815ff5 elementor-widget elementor-widget-text-editor\" data-id=\"7815ff5\" data-element_type=\"widget\" data-e-type=\"widget\" data-widget_type=\"text-editor.default\">\n\t\t\t\t<div class=\"elementor-widget-container\">\n\t\t\t\t\t\t\t\t\t<p style=\"text-align: center;\"><strong>Num\u00e9ration<\/strong><\/p>\t\t\t\t\t\t\t\t<\/div>\n\t\t\t\t<\/div>\n\t\t\t\t<div class=\"elementor-element elementor-element-5063323 elementor-view-default elementor-widget elementor-widget-icon\" data-id=\"5063323\" data-element_type=\"widget\" data-e-type=\"widget\" data-widget_type=\"icon.default\">\n\t\t\t\t<div class=\"elementor-widget-container\">\n\t\t\t\t\t\t\t<div class=\"elementor-icon-wrapper\">\n\t\t\t<a class=\"elementor-icon\" href=\"https:\/\/drive.google.com\/file\/d\/1ROZ7OjGwYlIelqq2s3-9YHwEHsAsoroO\/view?usp=drive_link\">\n\t\t\t<i aria-hidden=\"true\" class=\"far fa-file-pdf\"><\/i>\t\t\t<\/a>\n\t\t<\/div>\n\t\t\t\t\t\t<\/div>\n\t\t\t\t<\/div>\n\t\t\t\t\t<\/div>\n\t\t<\/div>\n\t\t\t\t\t<\/div>\n\t\t<\/section>\n\t\t\t\t\t<\/div>\n\t\t<\/div>\n\t\t\t\t\t<\/div>\n\t\t<\/section>\n\t\t\t\t<\/div>\n\t\t","protected":false},"excerpt":{"rendered":"<p>L&rsquo;\u00e9cole \u00e0 la maison Ch\u00e8res Familles, Faire l\u2019\u00e9cole \u00e0 la maison n\u2019est pas facile, alors \u00e9coutez-vous et \u00e9coutez votre enfant.\u00a0 Les activit\u00e9s propos\u00e9es sont donn\u00e9es \u00e0 titre indicatif, vous pouvez les adapter \u00e0 votre enfant, il peut les faire dans l\u2019ordre qu\u2019il souhaite. Votre enfant aura certainement besoin de vous pour r\u00e9aliser ces activit\u00e9s. Votre [&hellip;]<\/p>\n","protected":false},"author":5,"featured_media":1253,"parent":0,"menu_order":0,"comment_status":"closed","ping_status":"closed","template":"","meta":{"footnotes":""},"class_list":["post-1130","page","type-page","status-publish","has-post-thumbnail","hentry"],"_links":{"self":[{"href":"https:\/\/ecolelucamoura2.ddec.nc\/index.php\/wp-json\/wp\/v2\/pages\/1130","targetHints":{"allow":["GET"]}}],"collection":[{"href":"https:\/\/ecolelucamoura2.ddec.nc\/index.php\/wp-json\/wp\/v2\/pages"}],"about":[{"href":"https:\/\/ecolelucamoura2.ddec.nc\/index.php\/wp-json\/wp\/v2\/types\/page"}],"author":[{"embeddable":true,"href":"https:\/\/ecolelucamoura2.ddec.nc\/index.php\/wp-json\/wp\/v2\/users\/5"}],"replies":[{"embeddable":true,"href":"https:\/\/ecolelucamoura2.ddec.nc\/index.php\/wp-json\/wp\/v2\/comments?post=1130"}],"version-history":[{"count":319,"href":"https:\/\/ecolelucamoura2.ddec.nc\/index.php\/wp-json\/wp\/v2\/pages\/1130\/revisions"}],"predecessor-version":[{"id":6403,"href":"https:\/\/ecolelucamoura2.ddec.nc\/index.php\/wp-json\/wp\/v2\/pages\/1130\/revisions\/6403"}],"wp:featuredmedia":[{"embeddable":true,"href":"https:\/\/ecolelucamoura2.ddec.nc\/index.php\/wp-json\/wp\/v2\/media\/1253"}],"wp:attachment":[{"href":"https:\/\/ecolelucamoura2.ddec.nc\/index.php\/wp-json\/wp\/v2\/media?parent=1130"}],"curies":[{"name":"wp","href":"https:\/\/api.w.org\/{rel}","templated":true}]}}