{"id":1949,"date":"2021-03-22T09:42:10","date_gmt":"2021-03-22T08:42:10","guid":{"rendered":"https:\/\/ecolelucamoura2.ddec.nc\/?page_id=1949"},"modified":"2023-07-21T03:21:33","modified_gmt":"2023-07-21T01:21:33","slug":"liaison-parents-ecole","status":"publish","type":"page","link":"https:\/\/ecolelucamoura2.ddec.nc\/index.php\/presentation\/liaison-parents-ecole\/","title":{"rendered":"Liaison Parents Ecole"},"content":{"rendered":"\t\t<div data-elementor-type=\"wp-page\" data-elementor-id=\"1949\" class=\"elementor elementor-1949\" data-elementor-post-type=\"page\">\n\t\t\t\t\t\t<section class=\"elementor-section elementor-top-section elementor-element elementor-element-7893d30 elementor-section-boxed elementor-section-height-default elementor-section-height-default\" data-id=\"7893d30\" data-element_type=\"section\" data-e-type=\"section\">\n\t\t\t\t\t\t<div class=\"elementor-container elementor-column-gap-default\">\n\t\t\t\t\t<div class=\"elementor-column elementor-col-100 elementor-top-column elementor-element elementor-element-4cce00b\" data-id=\"4cce00b\" data-element_type=\"column\" data-e-type=\"column\">\n\t\t\t<div class=\"elementor-widget-wrap elementor-element-populated\">\n\t\t\t\t\t\t<div class=\"elementor-element elementor-element-6cd129c elementor-widget elementor-widget-text-editor\" data-id=\"6cd129c\" data-element_type=\"widget\" data-e-type=\"widget\" data-widget_type=\"text-editor.default\">\n\t\t\t\t<div class=\"elementor-widget-container\">\n\t\t\t\t\t\t\t\t\t<h1 style=\"text-align: center;\"><span style=\"text-decoration: underline;\"><span style=\"color: #ff0000;\"><strong style=\"font-family: var( --e-global-typography-text-font-family ), Sans-serif; font-size: 1rem;\">DOSSIER DE BOURSES SCOLAIRES PS 2024<\/strong><\/span><\/span><\/h1>\n<p><span style=\"font-family: var( --e-global-typography-text-font-family ), Sans-serif; font-weight: var( --e-global-typography-text-font-weight ); font-size: 1rem;\">Dans le cadre de la campagne de bourses scolaires pour la rentr\u00e9e 2023, la Province Sud a souhait\u00e9 s\u2019engager dans une d\u00e9marche enti\u00e8rement d\u00e9mat\u00e9rialis\u00e9e. Par cons\u00e9quent, aucun dossier papier ne sera plus distribu\u00e9s dans les \u00e9coles. Vous \u00eates invit\u00e9s \u00e0 vous rendre sur le site de la Province Sud : <\/span><a style=\"font-family: var( --e-global-typography-text-font-family ), Sans-serif; font-weight: var( --e-global-typography-text-font-weight ); background-color: #ffffff; font-size: 1rem;\" href=\"http:\/\/www.province-sud.nc\/demarches\/bourses-scolaires\"><u>www.province-sud.nc\/demarches\/bourses-scolaires<\/u><\/a><span style=\"font-family: var( --e-global-typography-text-font-family ), Sans-serif; font-weight: var( --e-global-typography-text-font-weight ); font-size: 1rem;\">. La demande en ligne est d\u00e9j\u00e0 disponible. En compl\u00e9ment, les attestations de non bourse sont \u00e9galement disponibles en ligne. Les coupons de bourse et le bon pour la licence sportive parviendront aux familles par voie \u00e9lectronique (courriel ou compte provincial) ou postale.<\/span><\/p>\n<p>Nous vous remercions de votre compr\u00e9hension.<\/p>\n<p>Bien cordialement,<\/p>\n<p>La direction<\/p>\t\t\t\t\t\t\t\t<\/div>\n\t\t\t\t<\/div>\n\t\t\t\t\t<\/div>\n\t\t<\/div>\n\t\t\t\t\t<\/div>\n\t\t<\/section>\n\t\t\t\t<\/div>\n\t\t","protected":false},"excerpt":{"rendered":"<p>DOSSIER DE BOURSES SCOLAIRES PS 2024 Dans le cadre de la campagne de bourses scolaires pour la rentr\u00e9e 2023, la Province Sud a souhait\u00e9 s\u2019engager dans une d\u00e9marche enti\u00e8rement d\u00e9mat\u00e9rialis\u00e9e. Par cons\u00e9quent, aucun dossier papier ne sera plus distribu\u00e9s dans les \u00e9coles. Vous \u00eates invit\u00e9s \u00e0 vous rendre sur le site de la Province Sud [&hellip;]<\/p>\n","protected":false},"author":5,"featured_media":1580,"parent":58,"menu_order":0,"comment_status":"closed","ping_status":"closed","template":"","meta":{"footnotes":""},"class_list":["post-1949","page","type-page","status-publish","has-post-thumbnail","hentry"],"_links":{"self":[{"href":"https:\/\/ecolelucamoura2.ddec.nc\/index.php\/wp-json\/wp\/v2\/pages\/1949","targetHints":{"allow":["GET"]}}],"collection":[{"href":"https:\/\/ecolelucamoura2.ddec.nc\/index.php\/wp-json\/wp\/v2\/pages"}],"about":[{"href":"https:\/\/ecolelucamoura2.ddec.nc\/index.php\/wp-json\/wp\/v2\/types\/page"}],"author":[{"embeddable":true,"href":"https:\/\/ecolelucamoura2.ddec.nc\/index.php\/wp-json\/wp\/v2\/users\/5"}],"replies":[{"embeddable":true,"href":"https:\/\/ecolelucamoura2.ddec.nc\/index.php\/wp-json\/wp\/v2\/comments?post=1949"}],"version-history":[{"count":28,"href":"https:\/\/ecolelucamoura2.ddec.nc\/index.php\/wp-json\/wp\/v2\/pages\/1949\/revisions"}],"predecessor-version":[{"id":5753,"href":"https:\/\/ecolelucamoura2.ddec.nc\/index.php\/wp-json\/wp\/v2\/pages\/1949\/revisions\/5753"}],"up":[{"embeddable":true,"href":"https:\/\/ecolelucamoura2.ddec.nc\/index.php\/wp-json\/wp\/v2\/pages\/58"}],"wp:featuredmedia":[{"embeddable":true,"href":"https:\/\/ecolelucamoura2.ddec.nc\/index.php\/wp-json\/wp\/v2\/media\/1580"}],"wp:attachment":[{"href":"https:\/\/ecolelucamoura2.ddec.nc\/index.php\/wp-json\/wp\/v2\/media?parent=1949"}],"curies":[{"name":"wp","href":"https:\/\/api.w.org\/{rel}","templated":true}]}}